he greatest common divisor of u and f?
4
Let z = -26108 - -26373. What is the highest common factor of 3498 and z?
53
Let f be 47 + (10 - 36/4). Suppose 4*z - 6*z + 240 = 0. What is the greatest common factor of f and z?
24
Suppose 0 = -2*o + 10, 0 = 5*u - 2*o - 13423 - 41687. What is the highest common divisor of 26 and u?
26
Let v be ((-4)/10)/((-669)/(-30105)*(-6)/82). Suppose 2*z - 820 = -3*m, 4*z + 4*m = 3*z + 410. Calculate the highest common factor of v and z.
82
Let i(k) = -4*k**2 - 4 - 8*k - 17 + 6*k**2 + 5. Let a be i(8). Let z be (318/21 + 2)*14. What is the greatest common divisor of a and z?
48
Suppose c - 17*c = -5*c - 12716. Calculate the highest common divisor of 68 and c.
68
Let z = -5373 - -5562. What is the greatest common factor of z and 469?
7
Let l be 1496/(-12)*3*-1. Let h = 3160 - 3126. Calculate the greatest common divisor of l and h.
34
Let c be 8/(-12) - 22/12*-2. Suppose -n - 3*n = 5*m - 112, -c*m + 4*n = -48. Suppose 56*i - 52*i = m. What is the greatest common factor of 5 and i?
5
Let g be (279/(-54))/((-95)/30 - -3). Calculate the greatest common divisor of g and 403.
31
Let v be (-7)/14 + (-19)/(-2) + 0. Suppose -4*s + 36 = -5*w, -4*s + v*w = 6*w - 44. Let a = -29 + 43. What is the greatest common factor of s and a?
14
Suppose 4*p - 820 = -0*p. Suppose -257 = -c - p. Calculate the highest common divisor of c and 4.
4
Suppose 31 + 30 = 3*n - 2*y, 2*n + y = 36. Suppose -18*a = -12*a + 324. Let t be 6/(-4)*684/a. What is the greatest common factor of n and t?
19
Let r = -470 + 466. Let i be (-3 - (-1 - r))/(-2) + 7. What is the highest common divisor of i and 65?
5
Let i = -19561 - -19696. What is the greatest common divisor of i and 1431?
27
Let h(o) = 2553*o + 18946. Let v be h(-6). What is the greatest common divisor of 1 and v?
1
Let w = 73 + -150. Let r = w - -97. What is the greatest common divisor of 50 and r?
10
Let f be (-13)/(1 + -2)*2. Let j(x) = -x**2 - 265*x - 7724. Let l be j(-34). Calculate the highest common factor of l and f.
26
Let w = -18816 - -18826. What is the highest common factor of 13510 and w?
10
Let m = 248 + -244. Calculate the highest common divisor of 11 and m.
1
Suppose -3*u + 3720 = 14*u - 1142. Let f be ((-8)/(-6))/((-2)/(-6)). Suppose -f*l - 62 = -u. What is the greatest common factor of l and 84?
28
Suppose 18778 + 2982 + 38993 = 7*i. Calculate the greatest common divisor of i and 99.
33
Let s(o) = -102*o - 1. Let i be s(-2). Let d = i - 41. Let f be (63/(-10)*24/(-42))/(2/10). Calculate the highest common divisor of f and d.
18
Suppose -28*c + 10*c = -180. Suppose 12 = 3*l, -c = 4*q - 4*l - 18. Let w = -7 - -13. What is the highest common divisor of q and w?
6
Suppose -2567 = -l - 2*u + 9045, -197368 = -17*l + 2*u. Calculate the highest common factor of l and 172.
86
Suppose -d + 4160 = 68*w - 65*w, -3*d - 3*w + 12510 = 0. What is the highest common divisor of 100 and d?
25
Suppose 3*c = -28677 - 12897. Let j be c/(-697) + (-4)/(-34). What is the highest common divisor of 380 and j?
20
Let n = -54 - -80. Let c = n - 22. Let w be (-24)/(-20)*((10 - 2) + 2). Calculate the highest common factor of w and c.
4
Suppose 5*u - 4*b - 2369 = 0, u + 5*b - 1313 = -816. What is the greatest common divisor of 9 and u?
9
Suppose 0 = -34*o + 12*o - 4598. Let k = -109 - o. Let y(a) = a**2 + 11*a - 1. Let z be y(-13). What is the highest common factor of z and k?
25
Suppose -12*i - 635 + 4091 = 0. Let z(r) = r**2 - 9*r + 54. Let g be z(6). Calculate the highest common factor of i and g.
36
Let v be (45 - (-4 + 1))*(1 - -3). Calculate the greatest common factor of 42 and v.
6
Let m be (-26)/5*(-10)/2. Suppose 44*a + 1539 - 2111 = 0. Calculate the highest common divisor of a and m.
13
Let k = -21 + 41. Let u(j) = -2*j - 3. Let c(a) = a + 1. Let g(b) = 10*c(b) + 6*u(b). Let n be g(-6). Calculate the highest common factor of n and k.
4
Let z be 15960/45*3/2. Suppose 0 = -39*v + 53*v - z. What is the greatest common factor of 209 and v?
19
Let z(p) = 2*p + 2. Let r be z(-2). Let h(q) = -3*q - 3. Let u be h(r). Suppose f - 62 = -58. What is the greatest common factor of f and u?
1
Let v(i) = 650*i + 52. Let u be v(3). What is the highest common factor of u and 182?
182
Let v(b) = -21*b + 143. Let l be (-4)/(-18) + 3 + 24/(-108). Let f be v(l). What is the greatest common factor of 32 and f?
16
Let j = 237 - 196. Let c = j + -22. What is the highest common divisor of c and 323?
19
Let g(i) = 3*i + 83. Let h be g(-26). Suppose -16 = h*q - 36. Calculate the greatest common factor of q and 1.
1
Let d be ((-12)/(-15))/(-1 - (-14)/10). Suppose -d*o + 36 = 4*f, 0*f - 4*f + 4*o = -60. Calculate the highest common factor of f and 121.
11
Let n be (-26 - -2) + (-197 - -228). What is the greatest common divisor of n and 245?
7
Suppose 4*d - 1975 = -5*w, -d = 13*w - 11*w - 496. What is the greatest common divisor of d and 833?
49
Suppose 4*g - 193 - 87 = 0. Let p be ((-1200)/160)/((-1)/14). Calculate the greatest common divisor of g and p.
35
Suppose 0 = 2*m - 4*a - 350, -3*m - 679 = -7*m + a. Suppose 0 = 4*u - 223 - m. What is the highest common factor of 14 and u?
14
Let c(p) = 583*p**2 + 110*p + 111. Let s be c(-1). What is the greatest common divisor of s and 511?
73
Suppose 144*d + 294 = 186*d. What is the highest common factor of 287 and d?
7
Suppose -u = 1609 - 1627. Suppose 727 - 169 = 3*g. What is the highest common divisor of u and g?
6
Let t be 2*1 + 344/2. Suppose -520*y + 500*y + 140 = 0. Suppose -y*h + 1175 = t. Calculate the greatest common divisor of h and 13.
13
Suppose 3*z - 4*n = -455, 0 = -7*z + 6*z + 4*n - 157. Let m = z + 170. Calculate the highest common divisor of m and 14.
7
Suppose -z = -3*t + 100, z - 72 = -2*t + 3*z. Calculate the highest common factor of t and 1744.
16
Let y(z) = z**2 + 12*z + 96 - 278 + 123. Let i be y(5). Calculate the highest common divisor of 234 and i.
26
Let b = 14 + -3. Let g be 0 - (-1 + -4 + -2). Let v be (-12)/(-84)*-3 + 619/g. Calculate the greatest common divisor of v and b.
11
Let y(t) = 89*t**2 + 81*t + 5. Let h be y(-1). Calculate the greatest common factor of h and 21983.
13
Let r = -10 + 20. Let a(d) = -9*d - 3*d + 11 - 7*d - 71 - d**2. Let z be a(-10). Calculate the greatest common divisor of r and z.
10
Suppose 199 + 32 = -3*p + 5*s, 0 = s. Let h be 11/(p/112)*1/(-2). Suppose -12 = -3*i, 16 - 4 = 4*x - i. What is the greatest common divisor of x and h?
4
Suppose -282*n = -272*n + 2100. Let j be (-447)/(-30) + (-21)/n. Let b = 10 + 125. Calculate the highest common factor of b and j.
15
Suppose -2*i - 15 = -2*x + 9, -i - x - 16 = 0. Let j = -11 - i. Let t = j + 12. What is the highest common divisor of t and 30?
15
Let u be 7 + 36*10 + 0. Let w = u - 309. Calculate the greatest common factor of 174 and w.
58
Suppose -5*i + 204 = -i - 5*g, 0 = 5*i + g - 284. Suppose -3*l - 3 = -0*l, 617 = 4*d - l. What is the highest common divisor of i and d?
14
Suppose -70 - 69 = -163*v + 24. What is the greatest common divisor of v and 3593?
1
Let i(n) = -79*n - 1735. Let b be i(-22). Calculate the highest common divisor of b and 471.
3
Let a be (-214)/(-3317) + (-1362)/(-31). What is the greatest common divisor of 244 and a?
4
Let u be (-9)/(-45)*0 - 18. Let i(m) = -4*m**2 - 80*m - 9. Let b be i(u). What is the highest common divisor of 315 and b?
45
Let q be (-70)/4*5/((-125)/10). Let p(f) = -f**3 + 9*f**2 - 8*f - 6. Let o be p(q). Suppose 0 = -4*r + 56 - 8. What is the highest common factor of r and o?
12
Suppose 0 = 18*s - 9*s + 882. Let q = s - -136. Let f be -2 + 417 + (-2 - -5). Calculate the highest common divisor of q and f.
38
Suppose 0*y = 10*y. Suppose -4*x + 0*x + 44 = y. Suppose 372 = x*v - 5*v. What is the greatest common divisor of v and 155?
31
Let d(v) = -v**3 - 21*v**2 - 21*v + 12. Let p be d(-20). Calculate the highest common divisor of p and 2352.
16
Let u = 293 + -498. Let z = u - -216. Suppose 7*v = 4*v + 561. What is the greatest common factor of v and z?
11
Let x be -2*1*(4 + (-76)/8). Let h be (1 + -1)/(15 - x). Let b be h + 9 - (0 + -3). What is the greatest common divisor of b and 4?
4
Suppose 59 = 3*o - 46. Suppose 23 = g + 21. Let h(s) = 3*s**2 - 5. Let k be h(g). What is the highest common factor of k and o?
7
Suppose -36*j + 16664